 when 78 is divided by t/(-4)*(2 + -8).
24
Let f = 23 + -15. Suppose 4*c = 3*d - 153, 0*d + 5*c + 250 = 5*d. What is the remainder when d is divided by f?
7
Suppose 3 = b, -5 + 176 = 2*c - b. Suppose -3*f - 510 = -5*y + 2*f, -y = 2*f - c. What is the remainder when y is divided by 25?
22
Let u(q) = q**2 + 3*q + 1. Let z be u(-3). Suppose 3*j = -z + 7. Suppose -j*a - 120 = -6*t + t, -24 = -t + 3*a. Calculate the remainder when t is divided by 9.
6
Let c(q) = 2*q - 20. Let v(x) = x**2 + 5*x - 3. Let n be v(-7). What is the remainder when 8 is divided by c(n)?
0
Suppose -10*o + 9*o = z - 29, 5*o - 83 = -3*z. Calculate the remainder when 306 is divided by z.
27
Let p(r) = 2*r**2 - 11*r + 32. Suppose 5*d - 844 = -289. What is the remainder when d is divided by p(6)?
35
Let o = -52 + 94. Let f = 8446 + -8436. What is the remainder when f is divided by ((-2)/6)/((-2)/o)?
3
Suppose 0 = -0*k - 5*k - 2*q - 72, 3*q + 36 = -3*k. Let v(p) = -p**2 - 18*p - 5. Calculate the remainder when ((-24)/k)/(2/104) is divided by v(-16).
24
Suppose 0 = -52*m + 36*m + 928. What is the remainder when m is divided by 31?
27
Suppose -10*y + 185 = 25. What is the remainder when 45 is divided by y?
13
Let q = -64 + 65. What is the remainder when (q - 0)/((-12)/(-2136)) is divided by 45?
43
Let n(x) = 6*x + 12. Let v be n(-7). Calculate the remainder when 28 is divided by 54/v*25/(-3).
13
Let t = -25 - -142. What is the remainder when t is divided by 11?
7
What is the remainder when (68/(-10))/((-22)/110) is divided by (-47)/(-4) - 2/(-8)?
10
Let u(c) = -28*c**3 - 2*c**2 + 1. Suppose 3*o + 4*i - 5 = -24, 0 = 4*o - i. Calculate the remainder when 105 is divided by u(o).
24
Suppose -128*x + 142*x - 84 = 0. What is the remainder when 100 is divided by x?
4
Let d = 143 - 44. Calculate the remainder when d is divided by 23.
7
Let y(z) be the first derivative of -z**4/4 + 5*z**3/3 - 3*z**2/2 + 4*z - 9. Let n be y(3). What is the remainder when 18 is divided by -2 - (-3 - (n - 3))?
7
Calculate the remainder when (5/((-90)/1752))/((-5)/15) is divided by 59.
56
Suppose 3*y + b - 55 = 0, -b - 18 = -2*y + 3*b. What is the remainder when 39 is divided by y?
5
Let n = -94 + 106. Suppose n = 5*p - 4*o - 34, -2*p + 21 = o. What is the remainder when 11 is divided by p?
1
Suppose 2*y = 2*x - 7*x + 173, -y = -5*x + 176. Calculate the remainder when x is divided by 208/36 - (-4)/18.
5
Let q(t) = -t**2 + 15*t + 18. Let b(n) = 2*n + 15. Let p be b(0). What is the remainder when 35 is divided by q(p)?
17
Suppose -19*q = -17*q - 26. What is the remainder when q is divided by 2?
1
Let z be 2 - (2/(-2) - 0). Suppose -z*u = -0*u + 2*x - 188, u = -3*x + 65. What is the remainder when u is divided by (-5)/((-15)/48) + 5?
20
Suppose -10 = 5*f, 42*v - 44*v - 5*f + 484 = 0. Calculate the remainder when v is divided by 77.
16
Let v be (-848)/(-24) + 1/3*-1. Suppose -2 = 5*s + 8, -5*s - 6 = m. Suppose -m*q = 3*q - v. Calculate the remainder when 19 is divided by q.
4
Suppose -6*v + 600 = 2*v. Suppose -3*q + v = -0*q. What is the remainder when q is divided by (-9)/2*1*-2?
7
Let t = -8 - -12. Let u(p) = -4*p**2 + 4*p**2 - 12*p - t*p**2 + 3*p**2 - 5. Calculate the remainder when u(-6) is divided by 17.
14
Suppose 3*w + 3 + 6 = 0, 0 = 5*o - 3*w - 854. What is the remainder when o is divided by 34?
33
Suppose 0 = -9*w + 1317 - 219. What is the remainder when w is divided by 68?
54
Let z be ((-1)/2)/((-3)/216). Let s = z + -34. What is the remainder when s is divided by 1?
0
Let n = -14 - -25. Suppose b - 60 + n = 0. Calculate the remainder when b is divided by 13.
10
Let x = -8 + 42. What is the remainder when 132 is divided by x?
30
Suppose 33 = -4*h + 105. Calculate the remainder when 53 + 9 + (3 - -2) is divided by h.
13
Let m = -488 - -314. Calculate the remainder when (m/(-1))/(-1 - -2) is divided by 35.
34
Suppose 0 = -q + 5*q, 3*v - 4*q - 48 = 0. Let u = v - -79. What is the remainder when u is divided by 24 + 0 - 0/(-2)?
23
Suppose f = t + 4447, -3*f = 7 - 4. Calculate the remainder when 3/((-66)/t) - (-56)/(-308) is divided by 34.
32
Let y be 4*(0 - 1) - -8. Suppose 0 = -3*k + h + 74, -y*k - 13 + 110 = -3*h. What is the remainder when k is divided by 9?
7
Let z(b) = -3*b - 17. Let k(c) = -c**2 - 9*c - 4. What is the remainder when k(-4) is divided by z(-7)?
0
Let k(v) = -4*v - 44. Calculate the remainder when 30 is divided by k(-16).
10
Let j(h) = h**2 - 5. Suppose 3*q = -q. Suppose q = f - 5*n + 7 - 1, -f - 3*n + 10 = 0. Calculate the remainder when 20 is divided by j(f).
9
Let z be ((-219)/(-12))/((-2)/(-24)). Let d be (-2)/(-1*6/z). Let a = d + 7. What is the remainder when a is divided by 27?
26
Let m = 58 - 55. Suppose m*i - 37 = -v, 4*i - 74 = -2*v + i. Calculate the remainder when v is divided by 8.
5
Let i = 47 + -36. Let g = i - -12. What is the remainder when 88 is divided by g?
19
What is the remainder when (-3)/(-2) + 26152/112 is divided by 34?
31
Suppose l + 61 = 75. What is the remainder when 176 is divided by l?
8
Let g = 29 + -12. What is the remainder when 64 is divided by g?
13
Let o be ((-22)/(-4))/((-7)/(-14)). Let z(q) = -q**2 + 13*q - 10. Let a(u) = -u**3 + 5*u**2 + 2*u - 3. What is the remainder when z(o) is divided by a(5)?
5
Suppose -5*a - 13 = 4*h - 102, -4*h = -4. Suppose 2*y = -q - 1 + a, q = -y + 19. Calculate the remainder when 83 is divided by q.
17
Suppose 0 = -11*p + 12*p - 22. Calculate the remainder when 3 + p + 20/5 is divided by 2 + (1 - (-1 - 4)).
5
Suppose 0 = 35*t - 657 - 358. What is the remainder when (-239)/(-3) + 6 + 85/(-15) is divided by t?
22
Calculate the remainder when 48 is divided by 1/(-8) + (-7191)/(-376).
10
Let u = -114 + 237. Calculate the remainder when u is divided by 42.
39
Let o(k) = k**2 + 6*k + 2. Let u be o(-6). Suppose p - 5*j = 108, p + 3*p - u*j = 414. What is the remainder when p is divided by 26?
25
What is the remainder when 93 is divided by (-1 - (-6)/(-10))*90/(-12)?
9
Let b = 1453 - 1235. What is the remainder when b is divided by 4?
2
What is the remainder when 4*(-9)/(-60)*35*1 is divided by -1 + 10 - -3*(-20)/15?
1
Let r = -8 - -8. Let s be -2 - (r + 0 + -4). Suppose -5*j = -x - 8, -4*j = -x - 2 - s. Calculate the remainder when 58 is divided by x.
10
Let s = -497 + 516. Calculate the remainder when s is divided by 13.
6
Suppose 4*x - 81 = -5*c, c + 4 = x - 23. Let t = -25 + 10. What is the remainder when x is divided by -4 - 5/(t/51)?
11
Suppose -8 = -2*k + k. Suppose 5 - 23 = 6*r. Let c = k + r. What is the remainder when c is divided by 2?
1
Let j(o) = -4*o - 15. Let l(c) = 2*c + 7. Let a(r) = 4*j(r) + 7*l(r). Let v be a(-5). Calculate the remainder when 82 is divided by 3 - (-3)/v - -28.
26
Let d(b) = 3*b - 6. Calculate the remainder when 44 is divided by d(6).
8
Let y = 147 + -93. Suppose 4*x = -u + 33, -2*u - 3*x = -5*u + y. What is the remainder when 60 is divided by u?
18
Suppose -5*o - 4*b = -273, 6*b + 151 = 3*o + 2*b. Calculate the remainder when o is divided by 14.
11
Let l(y) = 7*y**3 - y**2 + 2*y - 4. Calculate the remainder when l(3) is divided by 37.
34
Suppose 966 = -5*j + 11*j. Let z = j + -121. What is the remainder when z is divided by 15?
10
Suppose -110 = 2*c + 3*c. Let h = -11 - c. Suppose -d = -3*d + 42. What is the remainder when d is divided by h?
10
What is the remainder when 35*1/(6/((-330)/(-25))) is divided by 64?
13
Suppose 2 = q - 1. Suppose 5*g + 3*k = 535, -2*g = -q*k + 28 - 221. Calculate the remainder when g is divided by 18.
14
Suppose 12*t = 34 - 34. Suppose t = 3*d + 5*h - 8 - 20, -3*d = -4*h - 10. What is the remainder when d is divided by 2?
0
Let u = 70 - 50. Suppose 2*x - u = 48. Calculate the remainder when x is divided by 18.
16
Suppose -2*y - 4*t + 8 = 2*y, 0 = -3*y + 4*t + 13. Suppose -14 = y*l - 4*l. What is the remainder when 18*-9*11/(-29 + -4) is divided by l?
12
Suppose -222*d + 7502 = 20*d. Let j = -23 - -32. What is the remainder when d is divided by j?
4
Let o = 528 - 518. Calculate the remainder when 47 is divided by o.
7
Let r(p) = 17*p - 32. Calculate the remainder when r(6) is divided by 22.
4
Suppose -g = g - 80. Let p = 132 - 118. What is the remainder when g is divided by p?
12
Let a(h) = -h**2 + 6*h + 4. Let s be a(6). Suppose 24 = s*v - 0*y + 3*y, 2*v + 4*y =